hen 19 is divided by d.
6
Let s(o) = o**3 + 14*o**2 - 14*o + 22. Let b be s(-15). Suppose -268 = -5*u + b. What is the remainder when u is divided by 28?
27
Let z be (72/(-15))/(3/(-15)). Let v = 146 - 84. What is the remainder when v is divided by (-18)/z - 134/(-8)?
14
Suppose -14*v = -59*v + 17280. Calculate the remainder when v is divided by 7.
6
Calculate the remainder when 221 is divided by ((-108)/90)/((-4)/230).
14
Let s be (-46)/115 + 222/5. Let v = -26 - -52. Suppose -2*z + s = -v. What is the remainder when z is divided by 9?
8
Suppose -35*x = -31*x - 72. Calculate the remainder when x is divided by 5.
3
Suppose -6*k = -16 - 2. Let y(d) = 3*d + 5. Let z be y(k). Let i = z + -1. What is the remainder when i is divided by 7?
6
Let v(m) = 16*m - 51. What is the remainder when 168 is divided by v(4)?
12
Suppose 0 = -l - 4*j - 11, -3*l + 5*j - 5 = 2*l. Let f be 1*l*(-12)/9. Suppose v - 14 = -v + 2*n, f*n = v + 8. What is the remainder when 35 is divided by v?
11
Let s = 27 - 24. Suppose 0 = -3*k + 312 + s. Suppose -3*u = -2*p - k, -2*u + p + 35 = -u. What is the remainder when u is divided by 9?
8
Let u(o) = 2*o**2 + 14*o - 3. Suppose 4*a - 8 = 4. Suppose 4*j - 61 = -3*v, -4*v + a*j = 5*j - 68. What is the remainder when u(-10) is divided by v?
12
Let k = -518 + 528. What is the remainder when 33 is divided by k?
3
Suppose -g + 20 + 55 = 5*x, -2*g = 0. What is the remainder when 372 is divided by x?
12
Suppose 0 = -2*d + 4*o + 44, -4*o = -4*d - 9*o + 88. Suppose 2*l - 20 - d = 0. What is the remainder when 61 is divided by l?
19
Let w be 6/(-9) - ((-14048)/(-6) - -3). What is the remainder when 4/(-10)*w/14 is divided by 14?
11
Let m be 18/(-6) + (-26 - -1). Let u = -17 - m. Let q = -6 + u. What is the remainder when q is divided by 4?
1
Suppose 0*k - 40 = -4*k. What is the remainder when ((-3)/15)/(((-6)/(-145))/(-6)) is divided by k?
9
Let i = 7 + -1. Suppose 4*w = i + 42. Suppose -72 - 12 = -4*h. Calculate the remainder when h is divided by w.
9
Let v(t) be the first derivative of 6*t**2 - 10*t + 3 - 1/3*t**3. Calculate the remainder when v(9) is divided by 10.
7
Suppose 2*x + 0*x = 44. Suppose -98 = -k - 5*z, -3*z + 364 = 4*k - 11. Suppose -k = -b - x. Calculate the remainder when b is divided by 24.
23
Let t(g) = -g**3 - 9*g**2 - 4. Let u be t(-9). Let s be -2 - (-22 + 4 + u). Calculate the remainder when 5 is divided by s/11 + 6/33.
1
Suppose f = -4 - 0. Let o = 13 - f. What is the remainder when 29 is divided by -2 - (-2)/2*o?
14
Let g be 252/112 - (1/4)/1. Suppose -2*f + 4*f = 4. Calculate the remainder when g/(-4) - (-49)/f is divided by 13.
11
Suppose 6*y - 16 = 2*y. Suppose -h = y*o - 2*o - 27, -o - 5*h = -18. Let d(a) = a**3 - 46*a**2 + 436*a - 42. Calculate the remainder when d(13) is divided by o.
10
Suppose 5660 = -32*f + 37*f. Calculate the remainder when f is divided by 11.
10
Calculate the remainder when 6*(-4)/(-108) - 5610/(-27) is divided by 68.
4
Suppose 4*t = 2*t + 18. Let d(x) = 6*x**2 + x. Let z(o) = 3*o - 15. Let i be z(4). What is the remainder when d(i) is divided by t?
6
Let r = 1682 - 1481. Calculate the remainder when r is divided by 39.
6
Suppose 3*i - 35 = -2*r, r + 1 = 5. Suppose -11*y = -10*y - i. Let p = 2 + 33. What is the remainder when p is divided by y?
8
Let v(r) be the second derivative of r**4/6 + 4*r**3/3 - 3*r**2 - 16*r. Suppose 0 = -2*j - 21 + 9. What is the remainder when 35 is divided by v(j)?
17
Suppose 23*t - 152 = -14. Calculate the remainder when t is divided by 5.
1
Let w(f) = 7*f + 285. Calculate the remainder when w(-28) is divided by 23.
20
Let o = -3 - -8. Suppose -3*x + 3*u = -7 - o, -5*u = -4*x + 15. Calculate the remainder when x is divided by 4.
1
Suppose 7 = -2*r - 2*p - p, 2*r + p - 3 = 0. Suppose -4*k - 18 = -3*m - 2*k, 4*m - 4 = -r*k. What is the remainder when 13 is divided by m?
1
Let a = 1267 + -1262. Calculate the remainder when 245 is divided by a.
0
Let f = 1 + 42. What is the remainder when 84 - 6*4/12 is divided by f?
39
Let n(t) = 5*t**2 + 5. Let y be (0/((-2)/2))/(-1). Let z = y + 6. What is the remainder when z is divided by n(0)?
1
Let c(h) = -h**3 + 2*h**2 + 6*h - 12. Calculate the remainder when 448 is divided by c(-3).
13
Suppose -3*l - 48 = -3*f + 282, 3*f - 2*l - 334 = 0. Let n = f + -87. What is the remainder when 106 is divided by n?
25
What is the remainder when (-378 + -8)*(-5)/10 is divided by 7?
4
Let o be 0/(2/(2 - 3)). Suppose -4*d + 9*d - 5*s - 50 = o, 3*s = -12. Suppose d*b = 2*b + 152. What is the remainder when b is divided by 13?
12
Let k = 27 + -22. Suppose -2*v + k*v + 468 = 0. Calculate the remainder when (-6)/42 + v/(-14) is divided by 7.
4
Suppose 2*b - x = 7, 4*b - 4*x = -6*x + 34. Suppose 3*h - w - 22 = -5*w, 0 = -4*h + 4*w + 20. What is the remainder when b is divided by h + 0 - 8/2?
0
Calculate the remainder when 192 is divided by (117/65)/((-3)/(-115)).
54
Suppose 10*d - 5*d = 15. Let h = -85 - -113. Suppose 44 = 4*p - k, k - h - 8 = -4*p. Calculate the remainder when p is divided by d.
1
Let z(p) = p**2 - 5*p - 6. Suppose 4*a + 0 = -32. Let c(x) = -x**3 - 8*x**2 + 10. Calculate the remainder when z(8) is divided by c(a).
8
Let h = -242 - -271. Let j = -35 + 50. Calculate the remainder when h is divided by j.
14
Calculate the remainder when (73 + 0/(-2))/(29 - 28) is divided by 19.
16
Suppose -u - 17 = -5*j, 5 = -2*j + 5*u - 2. Let b(s) = -s**3 + 6*s**2 - 5*s + 5. What is the remainder when b(j) is divided by 9?
8
Suppose 7*t - 9 = 33. Calculate the remainder when 92/(3 + -1) + -1 is divided by t/(-1)*(-14 - -12).
9
Suppose 0 = 402*k - 399*k - 156. Calculate the remainder when k is divided by 25.
2
Let m be (-1)/5 - 262/(-10). What is the remainder when (132/14)/(m/91) is divided by 18?
15
Let q = -189 - -202. Calculate the remainder when 38 is divided by q.
12
Let q be 4*6/8 + 5. Let y(l) = 7*l**2 - 2*l**2 - 2*l + 6 - 4*l**2. What is the remainder when y(q) is divided by 28?
26
Let x = -16 - -20. What is the remainder when (-102)/(-4) - (-6)/x is divided by 16?
11
Suppose 0*c + 2*c = 12. Let x be (-28)/(-35)*(0 + (-5)/(-2)). Suppose x*q + 224 = c*q. Calculate the remainder when q is divided by 19.
18
Let g = -950 - -1059. What is the remainder when g is divided by 42?
25
Let k(h) = -2*h**2 - 33*h - 18. Let m be k(-16). What is the remainder when 536/12*(-3)/m is divided by 10?
7
Let m be 2/4*0 + 33. Let l = 121 - 75. Let b = l - m. Calculate the remainder when 49 is divided by b.
10
Let c = -7 - -25. Suppose -2*x - c = x. Calculate the remainder when (-1364)/(-16) + x/(-8) is divided by 29.
28
Let o = 20 + -12. Suppose 5*y + 49 = 4*r, -3*y = 2*r - 2*y - 7. Let t(a) = 9*a - 18. What is the remainder when t(r) is divided by o?
4
Let w = 5 + -23. Calculate the remainder when 130 is divided by (-399)/w - (-2)/(-12).
20
Suppose 0*q - 7*q = -112. Calculate the remainder when 140 is divided by q.
12
Calculate the remainder when 13 is divided by 9/(-6) - (-115)/10.
3
Suppose -2*n - 5*p - 3 - 8 = 0, -5*p = n - 2. Let u = n + 16. Suppose -55 + 22 = -u*v. What is the remainder when v is divided by 3?
2
Let p be 28/3*30/8. Let f = 50 - p. Let y = -60 - -102. Calculate the remainder when y is divided by f.
12
Suppose 5*j - 24 = 11. Calculate the remainder when 34*12/24 - 8 is divided by j.
2
Suppose -j + 396 = 3*z, -4*j + 169 - 26 = z. Calculate the remainder when z/2 - 54/(-36) is divided by 27.
13
Let u = 31 - -19. Suppose 0 = -2*p - 0*g - 4*g + 44, -p = -5*g - u. Calculate the remainder when 148 is divided by p.
28
Let s(x) = 7*x**2 - 3*x + 6. Let p be s(-5). Let v = 210 - p. Let i(a) = 8*a**2 + 3*a + 1. What is the remainder when i(-2) is divided by v?
13
Suppose 2*i - 44 = -0. What is the remainder when 19 is divided by (-15)/10 + i/4?
3
Suppose -48 = -7*f + 3*f. Suppose 9*r - f*r = -9. Suppose 3*j = 36 - r. What is the remainder when 41 is divided by j?
8
Suppose -6*a + 703 + 431 = 0. What is the remainder when (a - (-5 - -8))/2 is divided by 32?
29
Suppose 5*l + 3*a + 71 = 23, 2*l + 2*a + 16 = 0. Let k = -10 - l. Calculate the remainder when 13 + (-3)/6*k is divided by 5.
2
Let u(m) = m**3 + 17*m**2 - 17*m + 18. Let k be u(-18). Suppose k*q - 10 = -3*q + f, 2*q - 2 = 3*f. What is the remainder when q is divided by 2?
0
Let l(r) = r + 